 of k and 252.
36
Let c(a) = -a**3 + a. Let z be c(1). Suppose -4*q + q = z. Suppose 5*d - 130 + 40 = q. Calculate the highest common factor of d and 6.
6
Suppose -4*o + 4 = 4*t, 0 = -4*t + 117*o - 113*o + 44. What is the greatest common factor of t and 22?
2
Suppose 13 = -4*g + 2*s + 87, 3*g = -3*s + 51. What is the highest common divisor of g and 243?
9
Let h be 16 + 5 + -11 + -5. What is the highest common divisor of h and 1315?
5
Let a(p) = -p**3 + 3*p**2 - 2*p + 7. Let l be a(3). Let o be (-336)/(-49) - l/(-7). What is the highest common factor of o and 77?
7
Suppose 5*v + 5*u = -3 - 7, -5*u = 20. Suppose v*z + 2*i = 78, 3*z + 4*i = -0*z + 116. Calculate the highest common factor of 10 and z.
10
Let l = -1030 - -1168. Calculate the highest common factor of l and 506.
46
Let q be 6*4/(-8) + 5. Suppose -3*h + 24 = -0*c + q*c, h = -3*c + 36. Calculate the highest common factor of 4 and c.
4
Suppose 4*v - 56 + 10 = y, 5*y + 14 = 2*v. Calculate the highest common divisor of v and 4656.
12
Let c(j) = 7*j + 59. Let p be c(-6). What is the greatest common divisor of p and 1?
1
Let k = 1393 - 1375. What is the greatest common factor of 306 and k?
18
Suppose 0 = -4*b + 11 - 3, 3*o = -2*b + 40. Suppose -13*h = -7*h - o. Calculate the greatest common factor of h and 14.
2
Let r(j) = -j**2 + 35*j - 99. Let d be r(24). What is the highest common factor of d and 30?
15
Suppose 3*t + 21 = 4*t. Let p be -3 + 6 - t*-1. Let c = -11 - -27. What is the highest common divisor of c and p?
8
Let m(s) = 49*s**2 + 3*s - 1. Let z(w) = -49*w**2 - 4*w + 1. Let q(c) = 6*m(c) + 5*z(c). Let y be q(-1). What is the greatest common divisor of y and 30?
10
Let x = -5 - -20. Suppose 2163 = a + 338. Let v be a/x - 2/3. What is the greatest common divisor of v and 11?
11
Let l(r) = 38*r + 258. Let v be l(-6). What is the highest common factor of 510 and v?
30
Let z(u) = -u**2 - 8*u - 8. Let h be z(-6). Suppose f = h*f - 99. Suppose -5*x + 13 = f, 0 = c + x - 68. Calculate the greatest common factor of 9 and c.
9
Let k = -21 + 23. Suppose -117 = -5*p + 4*b, -k*b + 78 = 5*p - p. Suppose -a = d - 21, 0*a - 2*a + p = d. Calculate the greatest common divisor of 147 and d.
21
Let l = -76 + 988. What is the highest common divisor of 171 and l?
57
Let z be ((-6)/(-4)*1)/((-12)/(-56)). Suppose -m - 216 = -z*m. Calculate the highest common factor of m and 4.
4
Let m be (6/(-4))/3 - 9/(-6). Let d = -7 - -9. Suppose 5*s - d = 3*s. What is the greatest common divisor of s and m?
1
Let k be 12/78 - 1088/(-26). Suppose -119 = -3*s - 5*n, -s + n + k = -11. What is the highest common factor of s and 6?
6
Let o = 49 - -14. Let k be 14 + -2 + 5 + -8. What is the greatest common divisor of o and k?
9
Let i be (6/(-4) + 0)*(224/7)/(-1). Let f be (4/3)/((-2)/(-18)). Calculate the highest common divisor of f and i.
12
Let z(l) = -3*l**2 - 21*l + 49. Let v be z(-8). Calculate the greatest common factor of 625 and v.
25
Suppose 658*g = 663*g - 260. What is the highest common divisor of g and 130?
26
Let b(q) = 12*q - 208. Let s be b(25). What is the greatest common divisor of s and 69?
23
Let u be -2*1 + 2 + 285/57. Calculate the greatest common divisor of 5 and u.
5
Let l be (-2)/(-5) - (-153)/5. Let g(z) = -z**2 - 30*z + 8. Let v be g(-19). Calculate the highest common factor of v and l.
31
Let j be 6/(-16)*-2*108. Suppose 0*z = -5*a - 3*z + 35, 2*a = -3*z + 23. Let w be 5 - 4*((3 - 8) + a). Calculate the highest common divisor of w and j.
9
Let d be 11936/176 - 5/((-110)/4). What is the greatest common factor of 170 and d?
34
Let u = 619 + -610. What is the highest common factor of 18 and u?
9
Suppose 37 = o + 4*f, 9 = 2*f + 3. Suppose -2*j - p + 49 = 0, -3*j - o = -4*j - p. What is the greatest common divisor of j and 12?
12
Suppose -5*k + 2*m = -115, 4*k + 5*m - 21 - 71 = 0. Let h = k + -17. Suppose h*i = i + 120. Calculate the greatest common factor of 8 and i.
8
Let v(d) be the first derivative of 13*d**2/2 - 5*d + 14. Let i be v(1). Calculate the highest common factor of 20 and i.
4
Let l be (1 + (-746)/(-4))*38/57. Calculate the highest common divisor of 25 and l.
25
Let u = -449 + 582. What is the greatest common divisor of 95 and u?
19
Suppose 4*n - 7 = -3. Let x be 5/(10/(-16)) - -3. Let u be ((-72)/(-40))/((-1)/x). What is the greatest common divisor of n and u?
1
Suppose 0 = y - 2*y + 8. Suppose 329 = 4*j + 5*g, 350 = 4*j - 0*g - 2*g. Let d = j - y. What is the highest common divisor of 13 and d?
13
Let h(i) = 11*i + 142. Let v be h(-11). Calculate the greatest common divisor of v and 217.
7
Let p be (12/14)/((-1)/(-7)). Let k(g) = 15*g - 15. Let j be k(p). What is the highest common divisor of 15 and j?
15
Suppose 23*w - 525 = 18*w. Let u be ((-6)/(-5)*7)/(w/350). What is the greatest common factor of u and 140?
28
Suppose -4*c - c - 560 = -4*r, 0 = 2*r - 4*c - 274. Let w = 253 - r. What is the highest common divisor of 36 and w?
36
Suppose -5*q + 169 + 851 = 0. Suppose 5*f = -20, -f - q = -3*w - w. Suppose 2*r = w + 6. What is the greatest common divisor of r and 196?
28
Suppose 38 = q - 5*m - 47, -4*m = 3*q - 160. Calculate the greatest common divisor of 32 and q.
4
Let j(y) be the second derivative of -1/6*y**3 + 3*y**2 + 8*y + 0. Let h be j(-5). What is the greatest common divisor of h and 11?
11
Let y(p) = -17*p - 4. Let v be y(-7). Let j(a) = a**2 + 16*a - 75. Let w be j(-20). What is the greatest common factor of w and v?
5
Let r = -8 + 32. Let c be r/14*(0 - (-21)/2). What is the highest common factor of 9 and c?
9
Let i(f) = 5*f**2 - 3*f + 1. Let t be i(2). Let a(l) = -2*l + l - 31 - 3*l - 19. Let u be a(-20). Calculate the highest common factor of u and t.
15
Let o = 296 - 184. Let s(v) = v**3 + 6*v**2 - v + 8. Suppose 0*m = -2*m - 12. Let x be s(m). Calculate the highest common factor of x and o.
14
Suppose 0 = o - 5*u - 4, -24 = -2*o - 2*u - 4. Let t = o - -3. Suppose 6*g + 30 = 7*g. Calculate the greatest common factor of g and t.
6
Suppose -5*w = 4*r - 123, 1 = 5*r - 2*w - 128. Suppose 0*j - 2*j + 18 = 0. What is the highest common factor of r and j?
9
Let m = 22 + -22. Let y(b) = b + 7. Let l be y(m). Let t be l/(28/(-60))*-6. What is the highest common factor of t and 10?
10
Let w(f) = -38*f + 1972. Let y be w(50). Let j be (36/(-6))/(1/(-3)). What is the highest common factor of j and y?
18
Let p be 1170/60*(2 + 136). Calculate the highest common divisor of 117 and p.
117
Suppose -3 = 3*j + 4*s - 14, -5*s = -4*j - 6. Suppose 3*i = i + 16. Suppose 3*t = -i + 14. What is the greatest common divisor of t and j?
1
Let h be 3/(3/1 - 2). Let w(l) = l**3 - 2*l**2 - 4*l + 3. Let y be w(h). Let o be (y - -2) + 0/(-6). Calculate the highest common factor of o and 8.
2
Let d be ((-4)/5)/((-4 + 8)/40). Let f be 9 + 8/36 + d/36. Calculate the greatest common factor of f and 99.
9
Suppose -6*f + 35 = -13. Let m be -2 + 1*(4 + -1). Calculate the highest common factor of m and f.
1
Let t(q) = q**3 + 24*q**2 - 4*q. Let g be t(-24). What is the highest common divisor of 336 and g?
48
Suppose -z + 100 = 3*z - 5*g, -80 = -5*z - 5*g. Calculate the highest common factor of 180 and z.
20
Suppose 20*a = 11*a + 1080. Calculate the greatest common factor of 50 and a.
10
Let n(p) = 132*p**3. Let v be n(1). Let g = v + -52. Suppose -30 = -134*m + 131*m. What is the highest common factor of g and m?
10
Let q be 578/8 - 3/12. Suppose 5*g = a + 139 + q, 0 = 3*g + a - 125. What is the greatest common factor of 6 and g?
6
Let l be ((-10)/(-4))/((-3)/(-30)). Suppose -3*h = -l - 26. Calculate the highest common factor of h and 119.
17
Let l(f) = -f**2 - 15*f + 6. Let v be l(-15). Suppose -v*q + 4*q + 54 = 0. Let k be 6 - -2*(-9)/(-6). Calculate the greatest common factor of k and q.
9
Let a be 3 - (-156)/(0 + 4). Suppose -2*r - 4*p + a = 0, 0 = -0*p - p. What is the greatest common factor of r and 189?
21
Suppose 0 = 18*z - 287 - 163. Calculate the greatest common factor of z and 1.
1
Let m(c) = -3*c - 1. Let p(a) = -2*a**2 - 5*a - 4. Let r be p(-1). Let s be m(r). Calculate the highest common divisor of 6 and s.
2
Let a = -24 + 24. Suppose -m + a*m - 5*b = -32, -32 = -m + 2*b. Suppose 2*p - 4*p = -m. Calculate the greatest common divisor of p and 8.
8
Let v be 4/(-6)*66/(-4). Let f(x) = x**3 + 7*x